{"id":2,"date":"2009-05-03T14:13:33","date_gmt":"2009-05-03T12:13:33","guid":{"rendered":"http:\/\/japan.atlanteans.net\/?page_id=2"},"modified":"2009-05-04T23:10:49","modified_gmt":"2009-05-04T21:10:49","slug":"about","status":"publish","type":"page","link":"https:\/\/japan.atlanteans.net\/?page_id=2","title":{"rendered":"About \/ A propos"},"content":{"rendered":"<p>I&#8217;m Aurelien Vandoorine and on this blog I will be posting daily updates if possible during my trip to Japan from 19th to 30th May 2009.<\/p>\n<p>Mon nom est Aur\u00e9lien Vandoorine et sur ce blog je posterai quotidiennement si possible durant mon s\u00e9jour au Japon qui se d\u00e9roulera du 19 au 30 Mai 2009.<\/p>\n<p class=\"facebook\"><a href=\"http:\/\/www.facebook.com\/share.php?u=https:\/\/japan.atlanteans.net\/?page_id=2\" target=\"_blank\" title=\"Share on Facebook\">Share on Facebook<\/a><\/p>","protected":false},"excerpt":{"rendered":"<p>I&#8217;m Aurelien Vandoorine and on this blog I will be posting daily updates if possible during my trip to Japan from 19th to 30th May 2009. Mon nom est Aur\u00e9lien Vandoorine et sur ce blog je posterai quotidiennement si possible durant mon s\u00e9jour au Japon qui se d\u00e9roulera du 19 au 30 Mai 2009. Share [&hellip;]<\/p>\n<p class=\"facebook\"><a href=\"http:\/\/www.facebook.com\/share.php?u=https:\/\/japan.atlanteans.net\/?page_id=2\" target=\"_blank\" title=\"Share on Facebook\">Share on Facebook<\/a><\/p>","protected":false},"author":1,"featured_media":0,"parent":0,"menu_order":0,"comment_status":"open","ping_status":"open","template":"","meta":{"footnotes":""},"_links":{"self":[{"href":"https:\/\/japan.atlanteans.net\/index.php?rest_route=\/wp\/v2\/pages\/2"}],"collection":[{"href":"https:\/\/japan.atlanteans.net\/index.php?rest_route=\/wp\/v2\/pages"}],"about":[{"href":"https:\/\/japan.atlanteans.net\/index.php?rest_route=\/wp\/v2\/types\/page"}],"author":[{"embeddable":true,"href":"https:\/\/japan.atlanteans.net\/index.php?rest_route=\/wp\/v2\/users\/1"}],"replies":[{"embeddable":true,"href":"https:\/\/japan.atlanteans.net\/index.php?rest_route=%2Fwp%2Fv2%2Fcomments&post=2"}],"version-history":[{"count":2,"href":"https:\/\/japan.atlanteans.net\/index.php?rest_route=\/wp\/v2\/pages\/2\/revisions"}],"predecessor-version":[{"id":3,"href":"https:\/\/japan.atlanteans.net\/index.php?rest_route=\/wp\/v2\/pages\/2\/revisions\/3"}],"wp:attachment":[{"href":"https:\/\/japan.atlanteans.net\/index.php?rest_route=%2Fwp%2Fv2%2Fmedia&parent=2"}],"curies":[{"name":"wp","href":"https:\/\/api.w.org\/{rel}","templated":true}]}}